?
8
Suppose 4*c - 1503 = -3*w, 3*c - 1503 = -4*w + w. What is the tens digit of w?
0
Let t(a) be the second derivative of a**3/6 + 11*a**2/2 + 2*a. Let f(o) = o**3 - 7*o**2 - 17*o - 14. Let x be f(9). What is the units digit of t(x)?
6
Suppose -f = -r - 15, -5*f + 3*f - 2*r + 14 = 0. Let i(z) be the second derivative of z**3/3 - z**2 - z. What is the units digit of i(f)?
0
What is the tens digit of 991 + (6 - 3) - (10 - 9)?
9
Let m = 301 + 24. What is the hundreds digit of m?
3
Suppose 5*l + 2*o = -3*o + 2910, l + 5*o - 594 = 0. What is the units digit of l?
9
Suppose -5*r + 3*r = 234. Let g = -165 - r. Let t = g - -82. What is the units digit of t?
4
Suppose 19 = 3*t + g - 52, -5*g - 63 = -4*t. Let r(l) = l**2 - 12*l - 54. What is the tens digit of r(t)?
6
Let m = 3190 - 465. Suppose 11*i - m + 8 = 0. What is the tens digit of i?
4
Let a(y) = 3*y - 8. Let p be a(-7). What is the units digit of (-4 + (-1 - -4))*p?
9
Let m(x) = -x**2 + 20*x + 21. Let g = -54 - -69. What is the units digit of m(g)?
6
Let h = -14 + -5. Let o = h - -78. What is the units digit of o?
9
Let v(i) = 201*i**2 + i - 1. What is the tens digit of v(1)?
0
Suppose 0 = 2*j + j - 4*b, 0 = j - 5*b + 11. Suppose j*h - 206 = 286. Suppose -h = -2*w - w. What is the units digit of w?
1
What is the thousands digit of -1 + (-80230)/(-22) - 1074/(-5907)?
3
What is the tens digit of (-12 + 17)*926/10?
6
What is the thousands digit of -1 - -9 - (-2025 - -4)?
2
Let q = 62 + 28. Suppose 0 = -5*k + 5*b + 120, -b - q = -5*k + 50. What is the tens digit of k?
2
Let a = 76 - 34. Let l = -20 + 23. Suppose -42 = -l*v + a. What is the units digit of v?
8
Let c = 35 + -32. Suppose c*w = -4*i + 190, 5*w - 2*i + 0*i = 308. Suppose w = 2*m - 78. What is the units digit of m?
0
Suppose 4*k = 2*k + 2*g + 158, -3*g = -2*k + 159. Let v = 26 + k. What is the tens digit of v?
0
Let h be (-2)/(-3)*3/1. Suppose 0 = -h*x + 7 + 7. What is the units digit of x/35 + (-58)/(-10)?
6
Suppose 5*n - 3*l - 29 = -2*l, -4*n = -3*l - 32. Suppose -n*u + 188 + 157 = 0. What is the units digit of u?
9
Suppose -11*k = 28 - 17. Suppose -g - 6*r - 44 = -r, -r - 124 = 5*g. Let u = k - g. What is the units digit of u?
3
Let b be (-1)/((-1)/(-4)) + 3. Let u be -1 + 23 - (b - -3). Suppose -4*j + u = -3*j. What is the tens digit of j?
2
Suppose -4*j + 3*u = 5*u - 16, 5*j = u + 27. Suppose -x + 24 = h - 3*h, 0 = x - h - 19. Let f = x - j. What is the units digit of f?
9
Suppose 52*n = -6*n + 17922. What is the tens digit of n?
0
Suppose -5*q + 2*d + 10 = -4, 29 = 5*q + 3*d. What is the units digit of q?
4
Suppose -6 = -2*v, -l - 30*v = -32*v - 5988. What is the thousands digit of l?
5
Suppose 5*h = -0*h + 765. Let w = 360 - h. What is the units digit of w?
7
Suppose 5*g = -0*g + 25. Suppose -1 - 27 = 2*o + 2*i, 0 = 5*o - g*i + 40. What is the tens digit of o/(-88) - 279/(-8)?
3
Suppose 9*f + 25 = 10*f. Let x be -3*(1 + 7/(-3)). What is the tens digit of (f/2 + x)*2?
3
What is the units digit of 33/(1650/(-40))*16810/(-4)?
2
Let b(a) = 8*a**2 + 150*a - 50. What is the units digit of b(17)?
2
Let u(b) = -19*b**2 + 9*b - 34. Let n(r) = 9*r**2 - 5*r + 17. Let m(j) = 13*n(j) + 6*u(j). What is the tens digit of m(7)?
8
Let w be 6/(-15) + 8/100*5. Suppose 0*d - d - 260 = -3*s, w = 4*s - 4*d - 344. What is the units digit of s?
7
Let f = 37 + -52. Let w = f + 17. What is the units digit of 56 - 2/w*4?
2
Let c = -62 - -65. Let h(t) = 8*t**2 + 2*t - 7. What is the tens digit of h(c)?
7
Let k = 101 - -19. Suppose z = 4*z + k. Let f = z + 61. What is the tens digit of f?
2
Let w(z) = -z**2 - 17*z + 65. Let l be w(-19). Let h = -24 + l. What is the units digit of h?
3
Suppose 12*b + 7 = 19*b. What is the units digit of 2/(b/(-124)*-1)?
8
Let t(a) = -a + 12. Let p be t(4). Suppose -3*z + p = -2*z. What is the units digit of z?
8
Suppose 4*y = 4*u - 6788 - 324, 0 = 5*u - 3*y - 8890. What is the hundreds digit of u?
7
Suppose 3*n = 4*a - 25, 3*n - 3*a + 18 = -6*a. Let r(b) = -2*b**2 - 4*b + 14. Let g be r(n). What is the units digit of (98/g)/(1/(-4))?
7
Let a = 243 + -99. Let q = a + -60. What is the units digit of q?
4
Let j(g) = g - 3. Let k be j(8). Suppose -4 - 11 = -k*p. Suppose w - p*o = 16, -54 = -5*w + o + o. What is the tens digit of w?
1
Let q(h) = -4*h**3 + 3*h**2 + 34*h + 8. What is the hundreds digit of q(-10)?
9
Suppose 5*z - 896 = -2*m, -4*m - 522 = -3*z - 0*m. What is the tens digit of z?
7
Suppose 3*z - 7856 = -23*a + 24*a, 2*a - 7868 = -3*z. What is the tens digit of z?
2
Let f(y) = -y**2 + 3*y + 4. Let q be f(6). Let j be (-258)/q - 56/(-98). Suppose -2*s + j = -19. What is the units digit of s?
9
Suppose 16*q - 35346 = -6210. What is the thousands digit of q?
1
Let m(b) = 27*b**2 - 10*b + 11. What is the units digit of m(-7)?
4
Let h = 9 + -7. Suppose 0 = -3*s - h*s + 160. Suppose -4*v + 21 = n - s, -5*n = -3*v - 265. What is the units digit of n?
3
Let h = -22 - -33. Suppose -6*g - 110 = -h*g. What is the tens digit of g?
2
Let g(f) = -18*f**2 - 5*f. Let i(z) = 17*z**2 + 6*z. Let k(w) = -7*g(w) - 6*i(w). What is the units digit of k(1)?
3
Let g(x) = -x**3 + 7*x**2 - 6*x + 4. Suppose -2*d = -4, -6 = -2*n + d + 2*d. Let w be g(n). What is the tens digit of 44 + 0 + 0/w?
4
Let p(v) = -v**2 - 9*v - 31. Let c be p(-7). Suppose 4*g - 1255 = w, -3810 = 3*w - g - 2*g. What is the tens digit of ((-2)/(-5))/(c/w)?
3
Let h(f) = 9*f**2 - 2*f + 1. Let v be h(10). Suppose 4*k + c = -0*k + v, 0 = 5*k - 2*c - 1111. What is the hundreds digit of k?
2
Let t = 1 - -13. Suppose -3*g + 5*g + 10 = -4*d, 2*g - 4*d - t = 0. What is the tens digit of ((-8)/6)/(g/(-18))?
2
What is the hundreds digit of (0 + -2)*(-13 + -226)?
4
Suppose 12*m - 14*m = -64. Suppose 3*z - o - m = 0, -25 = z - 6*z - 4*o. What is the units digit of (-11 - -7) + (z - -3)?
8
Suppose 3601 = 27*w - 611. What is the tens digit of w?
5
Let s(w) = -206*w + 47. What is the units digit of s(-4)?
1
Let b(q) = -14*q + 7. Let v be b(6). Let g = v + 86. What is the units digit of g?
9
Let j(y) = 2*y**2 - 2*y + 65. What is the hundreds digit of j(-16)?
6
Suppose 2 = -a - 4. Let c(m) = 2*m**3 + 10*m - 9*m**3 + 6*m**3 + 10 - 3*m**2. What is the units digit of c(a)?
8
Let l be 3/4 + (-21)/28. Suppose l = -b + 3*b + 4. What is the tens digit of b + -3 + 21 - 4?
1
Let x(u) = -u**3 + 7*u**2 - 6*u + 5. Let l be x(5). Let f = 212 + l. What is the units digit of f?
7
Let x be -5 - -3 - (0 + -3). Let w be x/(-3) - (-1568)/24. Suppose 0*f = -p - 3*f + 13, 0 = -5*p - f + w. What is the tens digit of p?
1
Let t(p) be the first derivative of 4*p**3 + p**2/2 + 11*p - 32. What is the units digit of t(-4)?
9
Suppose 3*t = -3*x, 10 + 18 = 4*t - 3*x. Suppose -68 = -5*f + t*f. Suppose 6*l = 4*l + f. What is the tens digit of l?
3
Let f = 37 + -31. Let c(b) = 34*b - 4. What is the hundreds digit of c(f)?
2
Let y(h) = 14*h**3 - 3*h**2 + 8*h - 11. What is the hundreds digit of y(2)?
1
Suppose d + 56 = -3*d. Let s(q) = -q**3 + 9 + 50*q**2 - 119*q**2 + 2*q + 12*q + 56*q**2. What is the units digit of s(d)?
9
Let b(f) be the third derivative of f**5/3 + 3*f**4/8 - 32*f**2. What is the units digit of b(-2)?
2
Suppose 10*i + 4*u + 903 = 15*i, 0 = 5*i - u - 912. What is the units digit of i?
3
Let m(v) = v - 2. Let b be m(3). Let t be 66 + 16/4*b. Suppose -248 = -5*k - 2*i - t, 3*k + 2*i - 106 = 0. What is the units digit of k?
6
Suppose 19*v + 9422 - 55174 = 0. What is the units digit of v?
8
Let c = -143 + 202. Suppose -c = -6*k + 7. Suppose 175 = -6*n + k*n. What is the tens digit of n?
3
Suppose 1894 = 4*a - 514. What is the tens digit of a?
0
Let r(i) = -i**3 - 8*i**2 - 8*i - 15. Let w be r(-6). Let v = w - -84. What is the units digit of v?
5
Suppose 0*f + f - 102 = 3*p, -3*f + 338 = -p. Let d = -59 + f. Suppose 72 = 5*q - 4*u + 1, -d = -4*q + 5*u. What is the tens digit of q?
1
Let u(b) = 73*b**2 - 6*b + 5. Let a be u(3). What is the units digit of a/8 - (-3)/(-2)?
9
Let p be 0*(-3)/3 + 5. Suppose -u = -2*q + 17 + 3, q - 19 = p*u. Suppose 2*r + 3 + 12 = 5*m, -r + q = 3*m. What is the units digit of m?
3
Let t be 23 + 2/2 + -3. Let r = t - 16. What is the units digit of 4/(-10) + 72/r?
4
Suppose -2*m + 4*c + 808 = 0, -2*m = 3*m - c - 2047. What is the units digit of m?
0
Let x(z) = 175*z - 67. What is the